(-10)/f)/((-4)/(-12))?
1
Let i(h) = 2*h**2 - 7*h + 14. Let d(l) = 3*l**2 - 11*l + 21. Let o(q) = 5*d(q) - 7*i(q). Let m be 6/9 - (-13)/3. What is the units digit of o(m)?
2
Let d(o) = -27*o + 9. What is the units digit of d(-3)?
0
Let v(n) = n**3 - n**2 - n - 11. Let r be v(0). Let h = r + 16. Suppose 3*q = i - 7, 6 = 4*i + 5*q - h. What is the units digit of i?
4
Let m = -59 + 97. What is the units digit of m?
8
What is the units digit of (11/(-22))/((-1)/14)?
7
Let d = 6 + -3. Suppose -t + d*t = 0. Suppose 5*r = -4*q - 17, t = -2*r + 4 - 14. What is the units digit of q?
2
Suppose -2*y - 3*o = -20, 24 + 9 = 5*y - o. Suppose y*j = 4*j + 63. What is the tens digit of j?
2
Suppose 0 = 2*l + 3*s - 18, 6*l = l + 2*s + 26. Suppose a = l*a - 55. What is the units digit of a?
1
Let y(r) = -r**2 + 3*r - 2. Let m be y(4). What is the units digit of (m/9)/(6/(-171))?
9
Let f(z) = -z**3 + 7*z**2 + 2*z. Let u be f(5). Suppose 5*o + 0 = u. What is the units digit of o?
2
Let o be (-5)/(-2)*(-8)/(-10). Suppose -4*m + o = -10. Suppose -y = -m*y + 10. What is the units digit of y?
5
Let j = 12 + -8. Suppose 0 = -j*o + 5*k + 59, 2*k = -2*o + 21 - 5. What is the tens digit of o?
1
Let z = -60 + 106. What is the tens digit of z?
4
Let a(j) = -j**2 + j + 7. Let p be a(0). What is the units digit of 16/(7/(p/2))?
8
Suppose 0 = 2*m - 4*m - w + 147, 0 = -3*m + 5*w + 253. What is the tens digit of m?
7
Let c(u) = -u - 6. Let r be c(-5). Let a = 1 - r. Suppose -7*s = -a*s - 15. What is the units digit of s?
3
Suppose 5*y - 3*o + o - 243 = 0, y - 3*o = 46. Suppose -5*w + w + 12 = 0, 3*w - y = -2*c. Let b = c + -8. What is the tens digit of b?
1
Let u(s) = -3*s - 9. What is the tens digit of u(-19)?
4
Suppose 6*o - 5*o = -2*z + 20, -2*z = -8. Suppose 4*g - o = -0*g. What is the units digit of 8/(-12) + 47/g?
5
Let h(i) = -i**3 - 5*i**2 + 5*i - 3. Let u be 4*(-3)/(-6)*-3. What is the units digit of h(u)?
3
Suppose 28 = -2*a + 4*a + 4*f, -2*a + 2*f + 40 = 0. What is the units digit of a?
8
Suppose 2*n - 7 - 22 = -5*i, 0 = 5*n - 3*i - 26. Suppose -3*a = n + 5. What is the units digit of (-8)/(-3)*(-6)/a?
4
Suppose -3*v + 7 + 38 = 0. What is the units digit of v?
5
Suppose -4*a - 366 = -10*a. What is the units digit of a?
1
What is the units digit of (-116)/(-3) - (-16)/(-24)?
8
Let x be 0 - (-1 + -2 + 0). Suppose x*y = -0*y + 39. What is the tens digit of y?
1
Let g = 24 + -10. What is the tens digit of g?
1
Let r = 2 + 6. Suppose o - r = -3*s + 3*o, 3*s + 3*o - 33 = 0. What is the units digit of s?
6
Let x(g) = 3*g**2 + 4*g + 5. What is the units digit of x(-2)?
9
Let h(d) = -d**3 - 8*d**2 - 8*d - 3. Let m be h(-7). Let w(f) = -f + 9. What is the units digit of w(m)?
5
Let v be 3/(-2) - (-1)/2. Let j = v - -5. What is the units digit of j?
4
Let p = 5 + 2. What is the units digit of p?
7
Suppose -4*q = 3*d + 9, -2*q + 2*d = d - 3. Let n(m) = -1 + 0*m + q*m + m. What is the units digit of n(9)?
8
Suppose -24*t + 2613 = -11*t. What is the hundreds digit of t?
2
Suppose -32 = -0*k - k - 4*n, 0 = 5*n. Suppose -15 = -p - l, 4*p - k = 4*l + 44. What is the units digit of p?
7
Let t(w) = 2*w**2 - 3*w - 5*w**2 + 12*w**2. What is the units digit of t(2)?
0
Let c(s) = s**3 + 8*s**2 + 7*s + 6. Suppose -5*m - 2 = 3, -2*l - 2*m - 16 = 0. What is the units digit of c(l)?
6
Let y(i) = 4*i**2 - 10*i - 17. What is the tens digit of y(-8)?
1
Let k(z) = z**3 + 12*z**2 + 10*z + 14. What is the tens digit of k(-11)?
2
Let f(x) be the second derivative of -x**5/20 + x**4/3 + 2*x**3/3 - 2*x**2 + 2*x. What is the tens digit of f(3)?
1
Let r be 82/10 - 1/5. Let d(u) = -4 - 1 - r*u - u**3 - 3 - 7*u**2. What is the units digit of d(-6)?
4
Let n(k) = -4*k**2 - 6*k + 5. Let t(o) = o**2 + o - 1. Let d(u) = n(u) + 5*t(u). What is the tens digit of d(-4)?
2
Let n be (-20)/(-8) + (-3)/(-6). Suppose 0 = -v + 1, n*v + 13 = 3*z - 20. What is the units digit of z?
2
Let f(i) = -i**3 - 3*i**2 - 1. Let x be f(-4). What is the units digit of x/((-2 - 1) + 4)?
5
Let h(y) = 10*y - 4. Suppose j - 2 = 1. What is the tens digit of h(j)?
2
What is the units digit of 22/(5 + 6/(-1 + -1))?
1
Let a(r) be the second derivative of r**4/12 - r**3/2 - 5*r**2/2 - 2*r. What is the units digit of a(5)?
5
Let x(o) = -4*o**2 - 3*o + 6. Let t(k) = 3*k**2 + 3*k - 6. Let i(b) = 3*t(b) + 2*x(b). What is the units digit of i(3)?
2
Suppose -3*t = 5*y - 1079, 0*y = 3*t + 2*y - 1085. What is the units digit of t?
3
Suppose -7 - 3 = 3*y - 4*k, -y - k + 6 = 0. Let x = y - 4. What is the units digit of 0 + x*9/(-6)?
3
Suppose -17 = -3*u + 4*q - 6, -u - 13 = 2*q. Let o = u + 5. What is the units digit of o?
2
Let x = 0 - -40. Suppose 4*l - 2*l + 3*o - 27 = 0, 5*l - x = -2*o. What is the units digit of l?
6
Let z = 214 - 11. What is the units digit of z?
3
Let k(d) = d**2 + 31. What is the units digit of k(0)?
1
Let t = 2 - 8. Let s be ((-18)/(-8))/(t/(-32)). What is the units digit of (-3)/s - (-42)/8?
5
Suppose -8 = -3*z + 4, f = 4*z - 5. Let x = f + -4. What is the units digit of x?
7
Let f be -2 + 0 + 1 + -1. What is the tens digit of (-21)/f + 5/10?
1
Suppose -h + 38 = -91. What is the tens digit of h?
2
Let d(g) = -29*g - 5. What is the tens digit of d(-3)?
8
What is the tens digit of 26*(2 + -3 - -2)?
2
What is the units digit of (-1)/(-4) + (-7)/(-4)?
2
Suppose -5*a + 16 + 129 = 0. What is the units digit of a?
9
Suppose -4*u + 133 = 45. What is the tens digit of u?
2
Let c = 9 - 4. Suppose 0 = -j - 4*j + 2*d + 9, j = c*d - 12. Suppose q + 34 = j*n, -11 = 3*n - 5*q - 61. What is the tens digit of n?
1
Let b(r) = 10*r**2 + 8*r - 11. What is the tens digit of b(2)?
4
Let x = 14 + -3. Let l(f) = 3*f + 13. What is the units digit of l(x)?
6
Let f be 34/(-6) - (-10)/15. Let t(z) = -7*z**3 - 10*z**2 + 8*z + 7. Let x(o) = o**3 + o**2 - o - 1. Let a(j) = t(j) + 6*x(j). What is the tens digit of a(f)?
1
Let o be 460/8 - (-3)/(-2). Suppose -6*c + o = -2*c. What is the units digit of c?
4
What is the hundreds digit of 211 - (-7 + (5 - 1))?
2
Let q(v) = v**3 - 9*v**2 - 5*v + 3. Let p be q(11). Suppose -c + 5*a = -38, -5*c + p = -0*c + 4*a. What is the units digit of c?
8
What is the units digit of 3*(780/9 + 5)?
5
Let r(n) = -n - 4. Let c be r(3). Let p(a) = 4*a + 8. Let x(d) = -d - 1. Let w(m) = -p(m) - 3*x(m). What is the units digit of w(c)?
2
Let v = 176 - 102. What is the tens digit of v?
7
Let w = 40 + -8. Let y = 54 - w. Let c = 36 - y. What is the units digit of c?
4
Let b(l) = -l**3 - 9*l**2 - 8*l + 4. Let w be b(-8). Suppose -5*z + 59 = m + 11, -w = -z. What is the units digit of m?
8
Let g(y) = 4*y**2 + y + 1. Suppose 0 = -2*p + p - 5*r - 3, 5*p + r = 9. Let i be g(p). Let v = i - 11. What is the units digit of v?
8
Let n = -10 + 10. Suppose 4*p - 5*y - 64 = -n*p, 4*p - y = 80. What is the tens digit of p?
2
Let p = -102 - -156. What is the units digit of p?
4
Let p be (-3)/3 + (0 - -2). Let x be (3/6)/(p/116). Suppose 4*z + 4*i - x = -z, -5*i = -z. What is the tens digit of z?
1
Let s(x) = 4*x + 9. Let g(y) = -y**3 + 5*y**2 - 3*y - 1. Let c be g(3). Let w be s(c). Suppose w = 4*v - 7. What is the units digit of v?
2
Suppose 2*t - 5*p + 104 = 4*t, t = 5*p + 52. What is the tens digit of t?
5
Let t be (-55)/3 - (-6)/(-9). Let s = 28 - 1. Let f = s + t. What is the units digit of f?
8
Let d(h) = h**2 + 6*h + 3. Let z be d(-5). What is the tens digit of 2 + (-37 - -1)/z?
2
Let k = 0 + 4. Suppose 0 = -5*d - f + 74, -k*f = -2*f + 2. Suppose 2*n + n - d = 0. What is the units digit of n?
5
Let b(s) = -2*s**2 + 10*s - 8. Let a(c) = -3*c**2 + 15*c - 12. Let j(i) = -5*a(i) + 8*b(i). Let o be (1 - 0)*3 + 0. What is the units digit of j(o)?
2
Let m = -9 - -13. Suppose -14 = -6*q + m*q. What is the units digit of q?
7
Let c = 90 - 52. What is the tens digit of c?
3
Let w(u) = 15*u**2 + 2*u - 3. Let n(b) = 1 - 2*b**2 - b + b**2 - 7*b**2 + b**2. Let d(q) = -7*n(q) - 3*w(q). What is the units digit of d(-2)?
6
Suppose 3*p = 6 + 6. Suppose -b + 0 = s - 9, p*s + 3*b = 34. What is the units digit of s?
7
Suppose d - 9 = -4*u - 1, 3*u - 4*d = -13. What is the units digit of u?
1
Let u(o) = o**2 + 10*o - 4. Let w be u(-12). Suppose -x - w = -2*x. What is the tens digit of x?
2
Let s(m) be the third derivative of -m**6/120 + 3*m**5/20 - m**4/3 + m**